t the prime factors of 1/c*a/4.
7
Suppose 53 = v - 5*q, 4*q = -3*v + 3*q + 175. List the prime factors of v.
2, 29
Suppose 4*m - 121 = -25. Suppose -3*q + 2*q + 3*x + m = 0, 3*x = 3*q - 60. List the prime factors of q.
2, 3
Suppose y + 2*y - 3*i - 108 = 0, -3*y - i + 116 = 0. Suppose -q = -0*q - y. What are the prime factors of q?
2, 19
Let x = -271 - -401. List the prime factors of x.
2, 5, 13
What are the prime factors of 4 + (-10)/6*-141?
239
Let n(b) = b**3 + 5*b**2 - 2*b - 7. Let z be n(-5). Suppose -z*h = -7*h - 4*a + 8, 4*h - 6 = -2*a. Let g(l) = 4*l**2. What are the prime factors of g(h)?
2
List the prime factors of 71 - (-1 + 2 + -4).
2, 37
Let o(b) = b**3 + 16*b**2 + 12*b + 15. What are the prime factors of o(-15)?
2, 3, 5
Suppose -2*t = -5*f + 28, 0 = 5*f - t + 4*t - 33. What are the prime factors of f?
2, 3
Let t = -72 - -108. List the prime factors of t.
2, 3
Suppose 5*a = -2*o + 96 + 367, -3*o = 5*a - 467. List the prime factors of a.
7, 13
Suppose -5*h + 288 = 28. Suppose 0*v = -2*v + h. List the prime factors of v.
2, 13
Let p(s) = s**2 + 4*s - 1. Let q be p(-5). Suppose 0 = -i - q*b + 11, 0 = i + i - b - 13. What are the prime factors of i?
7
Suppose 3*k - 12 = -k. Suppose -3*t = 4*a - 60, -5*t - k = 17. List the prime factors of a.
2, 3
Let r(h) = h**3 - 2*h**2 + h - 1. Let t be -2 - (-1)/(3/15). List the prime factors of r(t).
11
Let d(c) = c**2 + 3*c - 7. Let z be d(-6). Suppose 0 = 5*w + 5*v - 20, w = -4*v + z + 2. Let s(p) = 12*p + 1. List the prime factors of s(w).
13
Suppose 0 = -o + 4. What are the prime factors of o?
2
Let j(r) = r**3 + 12*r**2 - 3*r - 24. List the prime factors of j(-12).
2, 3
Suppose 4*m - 39 = -7. Suppose -4*h + 20 + m = 0. What are the prime factors of h?
7
Let v(l) = 9*l - 10. Let r(n) = -19*n + 21. Let m(z) = -6*r(z) - 13*v(z). What are the prime factors of m(-5)?
19
Let v = 42 - -102. What are the prime factors of v?
2, 3
Let l(z) = -z**2 - 6*z + 1. Let f be l(-5). What are the prime factors of ((-3)/(-2))/(1/f)?
3
Suppose -l = 4*a - 263, 0 = -2*a + l + 2*l + 149. List the prime factors of a.
67
Let q(h) = -6 - 7*h**2 + 10*h + 0 + h**2 + h**3. List the prime factors of q(6).
2, 3
Let a = -171 - 225. What are the prime factors of (2/6)/((-6)/a)?
2, 11
Suppose 4*y - 10 = 2*y. Suppose 4*v = -3*o + 54, 2*o - y*o = 5*v - 51. Let t = -10 + o. What are the prime factors of t?
2, 3
Let j(v) = 5*v - 645. Let u(h) = 3*h - 430. Let x(a) = 5*j(a) - 8*u(a). Let p be x(0). What are the prime factors of 1/4 - p/(-20)?
11
Let s = 2 + -8. What are the prime factors of (-4)/(-1)*(-27)/s?
2, 3
What are the prime factors of (-76 + (-3 - -2 - -4))/(-1)?
73
Let y(v) = v**3 - 2*v**2 - 5*v + 7. What are the prime factors of y(5)?
3, 19
Suppose -6*d = -2*d - 56. Let c = 3 + -4. List the prime factors of c + d + (-1 - -1).
13
Suppose -i = i + 12. Let f(y) = -y**2. Let m(w) = -4*w**2 + 6*w + 5. Let s(u) = -5*f(u) + m(u). What are the prime factors of s(i)?
5
Suppose 2*w - 5*f - 101 = 215, 5*f = -2*w + 276. What are the prime factors of w?
2, 37
Suppose i - 25 = 5*t, -4*t = -1 + 21. Let o be (-2 - i)*50/(-4). List the prime factors of ((-8)/10)/((-5)/o).
2
Let p = 345 + -194. Suppose -65 = -2*n + 3*r, 4*n - p = 5*r - 24. List the prime factors of n.
2, 7
Let g be (3 - (-4 - -6))*53. Suppose m = 2*m - g. List the prime factors of m.
53
Let r be (8/(-32))/(2/(-136)). Suppose 0 = -2*o - 1 + r. What are the prime factors of o?
2
Suppose u + h = -3*h - 25, 4*h + 43 = -3*u. Let p(c) = c + 12. What are the prime factors of p(u)?
3
Let i(y) = 4*y + 15. Let z be i(-6). Let m = 21 + z. What are the prime factors of m?
2, 3
Let u = -13 + 8. Let b(a) = a**2 + 5. What are the prime factors of b(u)?
2, 3, 5
Let r be 6/(-2)*(-224)/6. Suppose 3*v = 2*k + r - 27, k - 1 = 0. What are the prime factors of v?
29
Let a(n) = n**3 - 7*n**2 - n - 1. What are the prime factors of a(8)?
5, 11
Let i(t) be the second derivative of t**4/4 + 4*t**3/3 + t**2 + t. Let w(l) = l**2 + 3*l + 1. Let r(b) = 3*i(b) - 8*w(b). List the prime factors of r(2).
2
What are the prime factors of 26/(-13) + (-207 + -1)/(-1)?
2, 103
Suppose 4*m = 6 - 2. What are the prime factors of 2/4*(m + 57)?
29
Let b = -9 - -32. List the prime factors of b.
23
Let c(t) be the second derivative of t**5/20 + 3*t**2/2 + 3*t. Let k(p) be the first derivative of c(p). What are the prime factors of k(1)?
3
Let z = -7 + 7. Suppose 2*t + t - 27 = z. List the prime factors of t.
3
Let k = -7 - -1. Let n be (-27)/6*4/k. Suppose 4*j + 3*b - 2*b - 33 = 0, n*b - 27 = -4*j. What are the prime factors of j?
3
Let d(s) = 13*s - 2. Let p be d(2). Suppose -36 - p = -3*v. Suppose -2*z + 4*z = v. List the prime factors of z.
2, 5
Let c(a) = -a**3 - 3*a**2. Let m be c(-3). Suppose m = 2*l + l. What are the prime factors of (-12)/(-9)*(l + 6)?
2
Let k be -6 - -4 - (-28)/2. Let u = k - 0. What are the prime factors of u?
2, 3
Suppose -14 = -g + 21. What are the prime factors of g?
5, 7
Let k be (-33)/3*(-2)/(-2). Let q(i) = -i**3 - 4*i**2 + i. Let m be q(-4). Let z = m - k. List the prime factors of z.
7
Suppose -v = 2*m, 0 = 4*v - m - 12 + 3. Suppose 0 = 2*q + v*q - 80. List the prime factors of q.
2, 5
Suppose 3*y + 5 = -2*y. List the prime factors of y/(-1) + -3 + 12.
2, 5
Let y be ((2*12)/3)/2. Suppose y = 2*d + 3*n + 2*n, 4*n + 43 = 5*d. Let i = d + -3. What are the prime factors of i?
2
Suppose -19 = -4*k - 7. Let t(l) = 7*l. What are the prime factors of t(k)?
3, 7
Suppose -5*m - b + 460 = 0, -4*m + 276 = -m + 4*b. What are the prime factors of m?
2, 23
Let i(w) = -4*w**3 + w**2 - 1. Let k be i(-1). Suppose -k = 2*l, -47 - 35 = -4*b + 5*l. What are the prime factors of b?
2, 3
Suppose -10 = -3*t + 2. Suppose d - 3*q + 5 = -0, 0 = -t*d + 4*q + 4. Suppose -d*a = -4*m - 8, -2*a + 5*m - 1 = 1. List the prime factors of a.
2
What are the prime factors of (276/8)/((-9)/(-24))?
2, 23
Let c = -65 + 95. List the prime factors of c.
2, 3, 5
Suppose -3*d - 12 = -30. List the prime factors of d.
2, 3
Let w = -39 + 15. Let o(g) = g**2 + 12*g - 2. Let q be o(-5). Let u = w - q. List the prime factors of u.
13
Suppose 0 = -3*t - 6 + 96. What are the prime factors of t?
2, 3, 5
Let k be 174/15 - 6/(-15). Let j(y) = -y**3 + 11*y**2 + 14*y - 14. List the prime factors of j(k).
2, 5
Let y(c) be the second derivative of -c**3/6 + 37*c**2/2 + c. List the prime factors of y(0).
37
Let y(d) = 11*d**2 + 7*d - 27. Let n(g) = 5*g**2 + 4*g - 13. Let i(m) = -9*n(m) + 4*y(m). Let l be 2/2*(-1 - 6). List the prime factors of i(l).
2
Let w = 1 + -3. Let a be w + -2 + 0/(-1). List the prime factors of a + 2 + 2*3.
2
Suppose 9 = t - u, -3*u = -4*u + 3. Suppose -4*f - 4*z = t, 2*f + z + 16 = -3*z. Suppose -3 = 4*k - 2*b - 29, -4*b + f = k. What are the prime factors of k?
2, 3
What are the prime factors of -1 + 272 + -2 - 4?
5, 53
Suppose 5*z - 193 - 197 = 0. List the prime factors of z.
2, 3, 13
Suppose w = 2*l + 21, -l - 16 - 22 = -3*w. Suppose -3*i - w = -3*f + 4, 8 = f + 2*i. What are the prime factors of f?
2, 3
Suppose -4*n = -2*n - 92. Suppose 0 = -3*t + 4*m - 0*m + 32, -4*t + n = -2*m. List the prime factors of t.
2, 3
Suppose 0 = -3*o - 6, 0*m - 2*m - o + 24 = 0. Suppose 2*r + 3 - m = 0. What are the prime factors of r?
5
Suppose -2*t - t - 4*x = -42, -4*x = -12. Suppose 2*o = 10, 0*o - t = 2*l - 4*o. What are the prime factors of l?
5
Let u(x) = x**3 + 15*x**2 + 10*x - 21. List the prime factors of u(-13).
11, 17
Let b(o) = o - 4. Let c be b(4). Suppose 0 = 3*l - 33 - c. List the prime factors of l.
11
Let i = 37 + -24. Let c = 38 - i. What are the prime factors of c?
5
Suppose -3*j = 5*n - 0*j - 15, 4*j = 2*n - 32. Let g be (18 + 0)/(2/(-3)). What are the prime factors of (8/(-3))/(n/g)?
2, 3
Let h be ((-15)/(-20))/((-2)/(-8)). Suppose -5*i + 8 = -4*g + 78, -2*i - 5 = h*g. Let s = 14 + i. What are the prime factors of s?
2
Suppose 2*h + 3*s = -2*s - 19, -4*h = 2*s - 2. What are the prime factors of (117 - h)*(-2)/(-6)?
2, 19
Let a(m) = -m + 1. Let n = 0 + -3. Let h be a(n). Let g = h + 3. List the prime factors of g.
7
Let j(d) = d - 4. Let x be j(6). Let v be (1*2)/(x/8). Let u = v - 0. What are the prime factors of u?
2
Let s(x) = -1 - 1 - 2*x + 0*x - 1. List the prime factors of s(-11).
19
Let m(i) = -3*i**3 - 2